 is the tens digit of s?
5
Let w = -727 - -3109. What is the hundreds digit of w?
3
Let l be 0 + (-498)/18 + 4/6. Let s = l + 43. What is the units digit of s?
6
Let l = -23 + 9. What is the tens digit of (l/3)/(25/(-225))?
4
Let x(y) = y**2 + 2*y - 9. Let c be x(-7). Let i = c + -22. Suppose -3*p - 5*b = -65, -i*p - b + 140 = -5*b. What is the units digit of p?
0
Let p(m) = 25*m + 22. Let x(l) = l. Let d(n) = -p(n) + 6*x(n). Suppose 0 = -0*v - 5*v - 25. What is the units digit of d(v)?
3
Let x = 34 + -37. Let j(g) = 7*g**2 - 5*g - 7. What is the units digit of j(x)?
1
Let m(p) = -p**2 - 11*p + 11. Let a be m(-10). Let f(b) = b - 2. Let y be f(5). Let g = a - y. What is the tens digit of g?
1
Let s = -56 + 161. Let r = -51 + s. What is the tens digit of r?
5
Suppose 2*v = -2*x - 687 + 1797, 0 = 5*x - 5*v - 2745. Suppose 0 = 3*c + 3*c - x. What is the tens digit of c?
9
Let p(w) = w - 1. Let j(z) = -3*z + 5. Let h(d) = -2*j(d) - 9*p(d). Let o be h(-8). Suppose -2*s + 3*s = o. What is the units digit of s?
3
Let a = -7 + 40. Let d = 54 - a. What is the units digit of d?
1
Let z(u) = -u**3 + 14*u**2 - 7*u - 9. Let v be z(11). Suppose -5*t + 28 + v = 0. What is the tens digit of t?
6
Let s(y) = -21*y - 86. What is the hundreds digit of s(-24)?
4
Suppose -7*t + 12*t = 5. What is the units digit of 686/8 - t/(-8)*2?
6
What is the hundreds digit of (-178848)/(-120) - 2*1/5?
4
Let c(f) be the second derivative of f**4 - 3*f**3 + 2*f**2 - 2*f. What is the tens digit of c(-4)?
6
Let l(a) = 236*a - 64. What is the hundreds digit of l(27)?
3
Let h(i) = i**3 - i**2 - i. Let x(u) = 7*u**3 - 7*u**2 - 8*u - 16. Let a(m) = 6*h(m) - x(m). What is the units digit of a(0)?
6
Suppose 0 = -2*h - 3*l - 21, 2*l = -h - h - 16. Let v be 2 - (-1 - (h + -5)). What is the tens digit of (-1 - 1)*v/1?
1
Let h be 50 - (-1 + 25/5). Let v = h - 34. What is the units digit of v?
2
Suppose 2*p = -3*q + 1, -4*q - q + 31 = -4*p. Suppose -3*z - 298 = -3*u - 2*u, 0 = q*u + 3*z - 198. What is the tens digit of u?
6
What is the hundreds digit of ((-1576)/10)/(8/(-20))?
3
Suppose 2*q = 4*q + 4. Let f be (3/q)/((-15)/40). Suppose -14 = 2*m + 4*b, 1 = m + b + f. What is the units digit of m?
1
Suppose -2*c - 4*g + 550 = -3*g, 2*c - 546 = -3*g. What is the tens digit of c?
7
Let s(j) = 2*j**3 - 13*j**2 + 2*j + 8. Let h be (56/(-12))/(4/(-6) + 0). What is the units digit of s(h)?
1
What is the tens digit of ((-32)/56)/(4/(-1162))?
6
Suppose -5*o = i - 2, 3 = -o - 2*o - 2*i. Suppose -6 = -5*y - o. Let b(q) = 11*q + 1. What is the tens digit of b(y)?
1
Suppose 0 = -4*a - p + 5189, 3*a = -7*p + 4*p + 3903. What is the tens digit of a?
9
Suppose -4*s = -2*s - 184. Suppose -4*l - s = -3*h + 30, h + 4*l = 14. What is the units digit of h?
4
Let j(m) be the first derivative of 117*m**4/4 + 2*m**3/3 - m**2/2 - m + 11. What is the units digit of j(1)?
7
Suppose 0 = 5*l + 11*l - 5872. What is the tens digit of l?
6
Suppose 5*b - 2*b - 32 = -4*c, -3*b + 4*c - 8 = 0. Let m(g) = 12*g - 5. Let q be m(b). Suppose 5*x = q + 72. What is the units digit of x?
3
Let g(n) = n**2 - n. Let a(j) = 2*j**2 + 8*j - 8. Let v(u) = a(u) - 3*g(u). Let c be v(9). Let y = c - 9. What is the units digit of y?
1
Suppose -2*g + 1105 = -h - 48, 4*h + 1727 = 3*g. What is the units digit of g?
7
Let r be 2 - ((2 - 14) + 3). Suppose -3*c - 5*l = -l - r, 2*c = l + 22. Suppose k - 6 - c = 0. What is the tens digit of k?
1
Suppose -3*j + 5*a = 10*a - 7213, 0 = -5*j - 4*a + 12013. What is the tens digit of j?
0
Let x be (2/(-2))/((-2)/(-76)). Let w be ((-85)/34)/(1/6). Let g = w - x. What is the tens digit of g?
2
Let q = 7653 - 2601. What is the units digit of q?
2
Let z = 9 - 5. Suppose -24 = 2*b - 3*q + q, 0 = -5*b - 5*q - 80. Let l = z - b. What is the tens digit of l?
1
Let x = 5477 + -2343. What is the tens digit of x?
3
Let u = -44 - -45. Let q(b) = 105*b**3 + 2*b**2 - b. What is the units digit of q(u)?
6
What is the tens digit of 70/(-11*16/(-1672))?
6
Suppose -2*j = 7 - 31. Suppose 4*k = -0*k + j. Suppose -71 = -k*p + 7. What is the tens digit of p?
2
Suppose 3*j - 9320 = -4*t, -37*j - 6232 = -39*j + 2*t. What is the thousands digit of j?
3
Suppose -24*q + 26*q = 2198. What is the hundreds digit of q?
0
Let o(n) = 19 + 6 - n**2 + 10 - 17 + 5*n. What is the units digit of o(4)?
2
Suppose 2*q = 2*m + 7728, 2*q - 23*m + 26*m = 7743. What is the tens digit of q?
6
Suppose 3*h - 9 = -0. Suppose -h*v + 592 = 97. Suppose 5*u + v = 8*u. What is the units digit of u?
5
Let v(g) = g**2 + 9*g - 7. Let m be v(-10). Suppose u - 5 = 0, u + 1 + 6 = m*o. Suppose -x = -o*x + 114. What is the tens digit of x?
3
What is the units digit of (-56)/(-28) - (1 - 102)?
3
Let z(f) = 3*f**3 + 2*f**2 + 2*f + 1133. What is the thousands digit of z(0)?
1
Let p(l) = -7*l**2 + 6*l + 4. Let a be p(5). Let m = a + 204. What is the units digit of m?
3
Suppose 3*v + 28 = -v. Let j(u) = -u**3 - 7*u**2 - 4*u - 14. Let g be j(v). Let i(t) = 4*t. What is the tens digit of i(g)?
5
What is the hundreds digit of (-7658)/(-56) - (4 + (-39)/12)?
1
Let c = 33 - 33. Suppose c = -7*n + 2*n. Suppose 0 = 3*m + 5*o - 139 + 30, -m - 3*o + 43 = n. What is the tens digit of m?
2
Let s(j) = -188*j - 74. What is the tens digit of s(-6)?
5
Let d(u) = -23*u + 1. Let o be d(-1). Suppose 0 = -2*k - 0*k + o. Suppose -4*r - k = -5*r. What is the tens digit of r?
1
Suppose 2 = -o + 2*o. What is the hundreds digit of 201 + ((-2)/o - -1)?
2
Suppose 0 = 4*n - 3*z + 10, -11 = 5*n - 4*z + 2. What is the tens digit of 1632/(-85)*n*5?
9
What is the hundreds digit of 2173 - (-2)/(-2)*7?
1
Suppose 0 = c - 33 - 80. Let l = -71 + c. What is the tens digit of l?
4
Suppose 147*c = 146*c + 1966. What is the thousands digit of c?
1
Suppose 2*z = 5*i + 3433, 15*z - 10*z - 8572 = 2*i. What is the thousands digit of z?
1
Suppose -v = 57 - 85. Let s = v + -13. What is the units digit of s?
5
Suppose -4*f + 4*u + 28 = 0, -5*f - 7 + 27 = -2*u. What is the tens digit of (f + -1 - 4) + 61?
5
Suppose -1490 = -342*y + 340*y. What is the units digit of y?
5
Let k = -34 + 31. Suppose 3*z + 5*y = 28, -5 = -z - 4*y + 9. What is the tens digit of (-2)/z*11*k?
1
Let d(b) = -36*b + 233. What is the hundreds digit of d(-36)?
5
Suppose 2*f = f - 4*n + 26, 3*f - 13 = n. Suppose 2*g - 3*g - f = 0. What is the units digit of ((-58)/g)/((-6)/(-18))?
9
Suppose 10 = -2*y - 6. Let t = y + 9. What is the units digit of 1/2*(15 - t)?
7
Suppose -j - 2*u - 2 = j, 4*j - 11 = u. Suppose -1 = -k - j*g, 0 = -0*g - g - 3. Suppose k*t - 125 = 2*t. What is the units digit of t?
5
Suppose -v = 2*k + k - 469, 2*v = -4*k + 624. Suppose -2*j - j = -n - k, 3*n = -12. What is the units digit of j?
1
Suppose -4*j - 1 = 3*u, 3*u - 2*u - 1 = -j. Suppose 0 = 4*b - u*o - 58, 5*b - 3*o = 7*b - 18. What is the tens digit of b?
1
Suppose -5049 = -4*j - 5*j. What is the hundreds digit of j?
5
Let x(j) = -57*j + 33. What is the tens digit of x(-9)?
4
Let p = -10 - -25. What is the tens digit of (-200)/12*(-18)/p?
2
Let y = 56 - 50. Suppose 204 = y*a - 90. What is the units digit of a?
9
Suppose -6 = -4*v + 2*v. Suppose -31*x + 29*x = -16. Suppose -x*s = -3*s - v*t - 211, 0 = 5*s + t - 203. What is the tens digit of s?
4
Suppose -1857 = -2*o - 0*o + 5*m, -5*o = m - 4575. What is the tens digit of o?
1
Let m be (2 - (-2 - -2)) + (-1316)/(-4). Let c = m - 171. What is the hundreds digit of c?
1
What is the units digit of (-11 - -14)/(12/10460)?
5
Suppose 0 = 3*r - 4*r + 15. Let j = r + 61. What is the tens digit of j?
7
Suppose -1232 = -6*b + 2482. What is the units digit of b?
9
Let v = 22 + -43. Let x be 7/v*(-12)/2. Let t(c) = 4*c**3 - 4*c**2 + 3*c - 2. What is the units digit of t(x)?
0
Let v = 37 + -252. Let n = -122 - v. Suppose -2*j - 75 = -5*c, -5*c - 5*j + n = -c. What is the tens digit of c?
1
Let v(c) = c**2 + 9*c - 10. Let a = 12 - 21. Let b be v(a). Let z = b - -29. What is the units digit of z?
9
Let j be -4*7/56*18. Suppose 173 = 3*h + 5*n - n, -3*n + 6 = 0. Let a = j + h. What is the tens digit of a?
4
Let p be 16/(-10)*(-10)/4. Suppose 2*u = -p*w + 58, -w + 48 = 3*w + 4*u. Suppose 113 + w = 5*m. What is the tens digit of m?
2
Let z(a) = 18*a**3 + 3*a**2 - 2*a + 1. What is the tens digit of z(2)?
5
Suppose -3*i = -2*x + 929, -5*x - 